at is 4 - b4?
-b0
In base 2, what is 101000100111 + -11?
101000100100
In base 12, what is -34 + -4?
-38
In base 15, what is 3d + 2d?
6b
In base 14, what is 4 + -19?
-15
In base 14, what is 1403 - -2?
1405
In base 15, what is -4 + 7?
3
In base 14, what is -8 + 63?
59
In base 7, what is 1444 - 1?
1443
In base 6, what is -133 - 1?
-134
In base 16, what is e - -f2?
100
In base 5, what is 331 - -12?
343
In base 16, what is -7cc + c?
-7c0
In base 14, what is 40 + 3?
43
In base 15, what is 8 - -b?
14
In base 10, what is -176 - 20?
-196
In base 15, what is 5 + 46?
4b
In base 6, what is -3 - -453?
450
In base 5, what is -11 - -130?
114
In base 15, what is 190 + -5?
18a
In base 3, what is 12 + -1000?
-211
In base 16, what is -1012 - -1?
-1011
In base 13, what is 3 + b6?
b9
In base 11, what is -5484 + 3?
-5481
In base 6, what is 121 - -10?
131
In base 12, what is -5296 + -3?
-5299
In base 13, what is -3 + 11?
b
In base 16, what is 5 - 2a?
-25
In base 6, what is 2 + 551?
553
In base 2, what is -1 + -10110?
-10111
In base 11, what is 6 + 1012?
1018
In base 7, what is 30 + -15?
12
In base 13, what is 29 + -10b?
-b2
In base 13, what is 3 - -955?
958
In base 5, what is 1413 + -2?
1411
In base 4, what is -1 + -101312?
-101313
In base 5, what is -24132 - 3?
-24140
In base 6, what is -12 + -11?
-23
In base 10, what is 3 - -11?
14
In base 9, what is -4 + -46?
-51
In base 5, what is 44 - -10?
104
In base 2, what is 10010 - -1010?
11100
In base 2, what is -1110000000 + -1010?
-1110001010
In base 15, what is -3 - -17?
14
In base 8, what is -53 - 74?
-147
In base 10, what is 488 + 6?
494
In base 8, what is -1 + 707?
706
In base 16, what is 2 + 94?
96
In base 15, what is c9 - -24?
ed
In base 5, what is 131 - -2103?
2234
In base 14, what is 276 - -2?
278
In base 13, what is -4 - -926?
922
In base 2, what is -111010011101 - -1?
-111010011100
In base 6, what is -300 - -12?
-244
In base 9, what is 5 - 67?
-62
In base 3, what is -12 - 111102?
-111121
In base 5, what is -10 - 410?
-420
In base 16, what is 16 + -4?
12
In base 13, what is 870 + -5?
868
In base 3, what is 11001 + -2110?
1121
In base 12, what is -4 - -139?
135
In base 12, what is -227 + 0?
-227
In base 10, what is 4 + -248?
-244
In base 14, what is -1d56 + -6?
-1d5c
In base 12, what is -40a - -1?
-409
In base 4, what is 102 - -300?
1002
In base 11, what is -36 + -49?
-84
In base 9, what is 26 + 0?
26
In base 8, what is -40 - -77?
37
In base 3, what is 2110 + -1102?
1001
In base 12, what is 4 - 21a?
-216
In base 8, what is -51 + -6?
-57
In base 13, what is 426 - -5?
42b
In base 16, what is 7 - 183?
-17c
In base 2, what is -111 - -1001111100?
1001110101
In base 14, what is 3a - 6?
34
In base 15, what is 19d + 3?
1a1
In base 12, what is -309 + -4?
-311
In base 6, what is 2 - 201?
-155
In base 16, what is b7a + 3?
b7d
In base 3, what is 0 + -2212?
-2212
In base 12, what is -8a - -17b?
b1
In base 16, what is -259 + -2?
-25b
In base 14, what is -6 - 1?
-7
In base 9, what is -568 + 5?
-563
In base 15, what is e + -3d?
-2e
In base 5, what is 1 + 224?
230
In base 7, what is 3 + -33?
-30
In base 14, what is -7 - 9?
-12
In base 8, what is -645 + 6?
-637
In base 7, what is 2 - 112?
-110
In base 15, what is 58 - -2?
5a
In base 5, what is -2101 + -1?
-2102
In base 13, what is b9c6 + 5?
b9cb
In base 7, what is -5451 + 3?
-5445
In base 6, what is 5054 + -1?
5053
In base 14, what is 1ac - 5?
1a7
In base 7, what is -3 - -201?
165
In base 13, what is 3b + -c?
2c
In base 10, what is 12 + 272?
284
In base 12, what is 4 - -12?
16
In base 5, what is 0 + -13020?
-13020
In base 11, what is 274 + 2?
276
In base 2, what is 10011 - -10?
10101
In base 15, what is 0 - -58?
58
In base 7, what is 1052 + 5?
1060
In base 3, what is 100002 - -11?
100020
In base 14, what is -413 - 10?
-423
In base 2, what is -1001111010 - -100?
-1001110110
In base 4, what is 2 - -100?
102
In base 13, what is 1144 + -5?
113c
In base 10, what is 12 - -44?
56
In base 9, what is 0 - 1266?
-1266
In base 11, what is 18 - -1?
19
In base 11, what is 4 + -1498?
-1494
In base 13, what is -a + -40?
-4a
In base 5, what is -2 - -243?
241
In base 4, what is 1 + 301?
302
In base 9, what is 103 - 13?
80
In base 10, what is 47 - -21?
68
In base 4, what is 101 - 110?
-3
In base 6, what is -15542 + -4?
-15550
In base 3, what is 1011 + -1002?
2
In base 8, what is 20 - -107?
127
In base 15, what is -2 - 38?
-3a
In base 12, what is -14 - -70?
58
In base 11, what is 74 + -119?
-55
In base 15, what is -3 + -3b9?
-3bc
In base 4, what is 0 - 0?
0
In base 4, what is -22201 - -11?
-22130
In base 15, what is -2ed + -3?
-301
In base 16, what is -224 - a?
-22e
In base 13, what is -5 + 12b?
126
In base 6, what is -1551 + -22?
-2013
In base 7, what is -103 + 16?
-54
In base 6, what is 0 + -42?
-42
In base 16, what is 787 + -2?
785
In base 2, what is -10110001 + -10?
-10110011
In base 7, what is 53 + 43?
126
In base 13, what is 964 - -3?
967
In base 3, what is -11 + 10?
-1
In base 16, what is -e4 + -5?
-e9
In base 14, what is 871 + -1?
870
In base 10, what is 4 + 7?
11
In base 4, what is 103321 - 0?
103321
In base 11, what is -1 + 77?
76
In base 9, what is 1313 + 5?
1318
In base 6, what is 5320 + 10?
5330
In base 3, what is -2 - -100220?
100211
In base 2, what is 11101101 - -111?
11110100
In base 7, what is 1 + 523?
524
In base 4, what is -11 + 221?
210
In base 4, what is 1310 + -11?
1233
In base 6, what is 201 - -4?
205
In base 6, what is 22 + 240?
302
In base 5, what is 2 + -11100?
-11043
In base 10, what is 2 - -120?
122
In base 13, what is -4 - c?
-13
In base 5, what is -11 - 40203?
-40214
In base 6, what is -2 - 443?
-445
In base 8, what is 11 - 1?
10
In base 7, what is 0 + -46?
-46
In base 14, what is -37d + -4?
-383
In base 7, what is 120 - 35?
52
In base 13, what is 10 + -92?
-82
In base 11, what is 1 - 36a5?
-36a4
In base 7, what is -2333 + 4?
-2326
In base 4, what is 3 + 100?
103
In base 3, what is 21 - -22?
120
In base 6, what is -4 + 43?
35
In base 11, what is 4 - -28?
31
In base 5, what is -1 - -3020?
3014
In base 2, what is 11001010 - -10?
11001100
In base 9, what is 70 - 16?
53
In base 4, what is -32 + -2230?
-2322
In base 15, what is 5 - 2b3?
-2ad
In base 4, what is 330221 + 2?
330223
In base 16, what is -4 - -708?
704
In base 9, what is 14 - -7?
22
In base 6, what is -1 - 43?
-44
In base 11, what is -45a - -a?
-450
In base 16, what is 1 + 30?
31
In base 5, what is -22 - -204?
132
In base 11, what is a - 33?
-24
In base 4, what is 1 + -23?
-22
In base 10, what is 4 + -51?
-47
In base 10, what is 90 + -5?
85
In base 16, what is 8f + -38?
57
In base 15, what is 6b + 2e?
9a
In base 15, what is -122 - 2?
-124
In base 5, what is -104 - -11?
-43
In base 6, what is 4 - -525?
533
In base 4, what is -2 + 1311?
1303
In base 4, what is -1 + -1111?
-1112
In base 3, what is 11 + -200220?
-200202
In base 2, what is 11111101 + 0?
11111101
In base 2, what is -1 + 10000110?
10000101
In base 15, what is -a - 13a?
-145
In base 14, what is -21d + -2?
-221
In base 12, what is -264 - -4?
-260
In base 3, what is 110 - -102?
212
In base 4, what is -1032330 + 1?
-1032323
In base 10, what is 8403 + 4?
8407
In base 8, what is -3 - 41?
-44
In base 15, what is -e - -4?
-a
In base 3, what is 1010 + 1211?
2221
In base 10, what is 1 - 37?
-36
In base 5, what is -22 - -1314?
1242
In base 5, what is 3 + -412?
-404
In base 14, what is -204 + 1?
-203
In base 16, what is 33b6 - 2?
33b4
In base 3, what is -1211 + 1212?
1
In base 6, what is -33 + -155?
-232
In base 14, what is 974 + 0?
974
In base 11, what is -3 + 4?
1
In base 9, what is -3 + 14?
11
In base 11, what is -5 - -424?
41a
In base 10, what is -757 + 3?
-754
In base 16, what is -15 - -7?
-e
In base 14, what is -52 + 70?
1c
In base 14, what is 10 - 8d?
-7d
In base 12, what is 3 + -12a?
-127
In base 11, what is 250 - 0?
250
In base 10, what is -590 + -2?
-592
In base 4, what is -11 - -2?
-3
In base 14, what is -b7 - 0?
-b7
In base 14, what is 4 - -702?
706
In base 4, what is 120221 + 0?
120221
In base 12, what is -12 + b?
-3
In base 2, what is -111001110 + -101110?
-111111100
In base 9, what is -78 - 1?
-80
In base 10, what is 144 + -1?
143
In base 3, what is -100210 + 12?
-100121
In base 5, what is -4 + 0?
-4
In base 5, what is -3 + 10243?
10240
In base 3